 - -14) + 1 + -8
3
(-1 - 1) + 12 + -3 + 0
7
What is (8 - 6) + 1 + -4?
-1
What is -6 + -9 + 19 + -8 + 6?
2
-4 - (7 + (3 - 9) - 8)
3
Calculate -3 + 10 + (-3 - (-7 - -12)).
-1
What is -8 - (-8 - (-22 + 11))?
-11
Evaluate 0 - (4 + (-1 - 6)) - 1.
2
What is 2 + 2 - (5 - 5)?
4
-6 + (1 - (4 - 3)) + 1
-5
-7 - (-4 - (-5 - -2))
-6
-5 + -8 + 8 - -9
4
Evaluate -11 + 12 + (3 + -3 - 3).
-2
Calculate 4 - 2 - 4 - (1 + -4).
1
Evaluate (-4 - -12) + -7 - 7.
-6
Evaluate 5 - (-11 - (-2 + -9)).
5
Evaluate -2 + -2 - -5 - -5.
6
Evaluate 2 + 2 + -3 - -3.
4
Calculate 4 + 1 + -4 + 3.
4
Evaluate -5 + (6 - -5) - -1 - 2.
5
6 - (13 - (0 + 18))
11
(-1 - -1) + 13 + -5 + -5
3
What is -6 - (3 + 4 + -13)?
0
What is 11 - (-1 + 8) - 4?
0
What is the value of -6 + 5 + (-2 - -5)?
2
(-6 - -3) + (6 - 5) - -2
0
Evaluate -3 + 2 + 0 - (-13 - -16).
-4
Evaluate -2 + 1 - (-10 + 6).
3
3 - (1 - (-3 + -2))
-3
Calculate 4 - (4 + -1 + 0) - 1.
0
Calculate (6 - (-4 - -2)) + -4 - 3.
1
Calculate 1 - (9 + (2 - (2 + 5))).
-3
What is the value of 26 + -13 - (-5 - -15)?
3
What is -3 + (11 + -9 - 5)?
-6
What is the value of 5 + 0 - (-3 + 14 + -8)?
2
What is the value of 2 + (8 + 3 - 3 - 5)?
5
What is -2 + 1 + (-2 - -4) - -2?
3
Calculate 1 - ((1 - 0) + 3 + -5).
2
Evaluate -3 - ((10 - 5) + -3).
-5
What is 1 - 3 - (-3 - -7)?
-6
What is -1 - 11 - (40 + -45)?
-7
Evaluate -4 + (2 - -5) + 3.
6
Evaluate -9 + (10 - (-4 + 7)).
-2
Calculate 2 + -3 + -3 + (4 - -4).
4
What is the value of 5 + -1 + (3 - 2)?
5
What is 3 - (4 - 7 - -2) - 0?
4
What is the value of 6 + 3 + -2 + -4 - 5?
-2
(0 - (-1 - (-1 - 1))) + 2
1
What is -1 + (-2 - -9) + -9 + 2?
-1
(-3 - -4 - -5) + -11
-5
Calculate (1 - -2) + -3 - (4 - 2).
-2
3 + (-7 - 4) + 11
3
Evaluate (-2 - -15) + (-11 - -4).
6
-5 + -5 + 7 + 0 + 3
0
What is 3 - (-1 - 1) - (23 - 13)?
-5
What is the value of 2 - 4 - (4 + -7 - -3)?
-2
What is 4 + (9 - 1 - (68 + -64))?
8
What is 2 + 1 + (8 - (7 - -7))?
-3
What is (-3 - -9 - 7) + 4 - 8?
-5
Calculate -11 + -7 + (-6 - -21).
-3
What is 3 + 0 - ((-1 - 3) + 3)?
4
1 - (-1 + 2 + -2)
2
What is -28 + 28 + (3 - 1) + 1?
3
Calculate (-3 - -2 - 3) + 1.
-3
What is the value of 4 + (0 - ((0 - -2) + 0))?
2
Evaluate 3 + -1 - (-145 + 137).
10
Calculate -4 + 3 - -1 - -6.
6
Calculate 3 + -2 + -2 - -2.
1
What is the value of (4 - (-5 + 11)) + 6?
4
What is the value of (1 - (2 - 0)) + 5?
4
Calculate 113 - 120 - (1 - 15).
7
Evaluate 6 - (-1 - (-6 + 3)).
4
(-11 - -2) + 14 - (6 + 2)
-3
Calculate -11 + 3 - -2 - -2.
-4
Calculate (17 - 10) + -13 - (0 + -7).
1
0 + 0 + (1 - (2 + 0))
-1
What is -3 + -5 + 14 - -1?
7
-5 - (-13 + 4) - 13
-9
Calculate 3 - (-3 + -4 + 1 + 12).
-3
Calculate 21 - 24 - (-1 - (0 - 1)).
-3
What is (3 - (1 - -5)) + 2 + 0?
-1
Evaluate -2 + 11 + (6 - 4 - 6).
5
What is 1 - (7 + -1) - (4 + -6)?
-3
What is 3 + 0 + (-15 - 4) + 15?
-1
Evaluate 2 + -2 + (-5 - -4) + -1.
-2
What is 15 + -21 - (0 - (0 + -1))?
-7
What is (18 - 8) + -3 + -3?
4
Evaluate 16 - ((1 - 3) + -5 - -14).
9
Calculate (0 - -4) + (9 + -4 - 7).
2
-2 + -5 + 3 + 6 + -1
1
(-7 - 0) + (-2 - 12) + 15
-6
What is the value of 8 - (18 + -6) - (-2 + -8)?
6
Calculate -1 - 6 - (17 - (-4 + 25)).
-3
Evaluate -5 + (2 - 4 - -4).
-3
5 - (-6 + (-4 - -16))
-1
What is 11 - (6 + (3 - -2))?
0
Calculate -5 + -4 + 4 + 9.
4
Evaluate 4 + (1 - 3) + 18 + -21.
-1
Evaluate -2 + 4 + -3 + 5 + -5.
-1
60 + -57 - (1 - (-1 - -1))
2
What is the value of 2 - ((4 - 5) + 4)?
-1
Evaluate 7 - (6 + -2 + -2).
5
1 - (3 + -5 + 1)
2
Calculate -19 - -4 - -4 - -7.
-4
Evaluate -5 + (-10 - -22) - 4.
3
What is 6 + -2 + -7 + 2?
-1
What is the value of 2 + (-7 + 8 - 8)?
-5
Calculate (5 - 3) + (0 - 3).
-1
Calculate -2 + 1 + -5 + 1 - -5.
0
(-1 - 3) + (-10 - -8)
-6
Calculate -5 - (-13 - (-18 + 10)).
0
What is the value of -3 + (10 - (-1 - -6))?
2
Calculate 2 - (1 + (2 - 4) + -1).
4
Evaluate (-45 - -41) + 0 + 0 + 6.
2
What is the value of -10 + (12 - (-15 - -14))?
3
What is 3 - (5 + (7 - 4) - 3)?
-2
-6 + (-2 - (6 + -18)) - 2
2
Evaluate (-8 - -4 - -7 - 4) + 4.
3
What is 3 - (-2 + 5 - (-1 - -3))?
2
(-1 - 1) + (27 - 22)
3
Evaluate 3 + (-11 + 6 - 1).
-3
-10 + 16 + 0 + -8
-2
Evaluate (0 + -2 - (0 + 1)) + 2.
-1
13 + -5 - (5 - 1)
4
What is the value of 1 + 5 + (-8 - 3)?
-5
What is the value of 15 + -13 - (-4 - 0)?
6
What is -7 - (-10 - -11) - -5?
-3
What is 3 + -2 + -4 + -1 + 0?
-4
What is -6 - (6 - 11) - 4 - -7?
2
What is 2 - ((5 - 1) + 0)?
-2
What is the value of -2 - -1 - 2 - (-16 - -8)?
5
Calculate 10 - (-9 - -15) - -4.
8
Calculate (70 - 68) + (-1 - 6) + 1.
-4
What is 4 + -4 + 7 + -6?
1
What is (-1 - -2) + (2 - 4 - -4)?
3
Calculate (4 - -1) + (-7 - -2).
0
What is -1 - (-2 + (2 - 0) - -4)?
-5
Evaluate -9 + (-4 - (-5 - 3)).
-5
What is 1 - (-11 + 6 - -15)?
-9
What is the value of (6 - 2) + -7 + 0?
-3
Calculate 7 + -1 + -9 + (7 - 1).
3
7 + 0 + 2 + -4
5
What is the value of 0 - ((10 - 6) + 1)?
-5
What is 0 + 5 + (-6 - (-5 + 8))?
-4
Calculate (2 + 5 - 2) + -3 + -5.
-3
Calculate 8 - 0 - (0 - -3).
5
(-3 - -2) + 3 + -5
-3
What is the value of -4 - (11 + -21 + (1 - -2))?
3
Evaluate 3 + (4 + -8 - -5).
4
5 - (7 - (-7 + 5) - 8)
4
What is 0 - (0 + -2) - (0 - -2)?
0
Calculate -15 - -9 - 5 - -13.
2
60 - 65 - (-4 + -1)
0
What is the value of 6 + -10 + (-2 - (-6 + 2))?
-2
What is the value of (47 - 45) + (0 - -1)?
3
-5 + 9 + -3 - 0
1
Calculate (0 + 1 - (-4 + 4)) + -2.
-1
Calculate -1 - -5 - (18 + -12).
-2
-1 + -2 + (6 - 6)
-3
Calculate 3 + -1 + -6 + 2.
-2
(1 + 7 - 9) + 1 + 4
4
Calculate 3 - (1 + 5) - (0 + 2).
-5
What is the value of (-1 - 1) + -9 + 6?
-5
Calculate (-2 - (-9 - -6 - 0)) + 6.
7
What is -11 + (5 - (12 + -15))?
-3
Calculate -8 - (-7 + 9 + -3).
-7
Calculate -8 + (2 + 2 - -1).
-3
Calculate -6 + (-6 - -3) + 4.
-5
What is -6 - (-9 - (-10 + 7))?
0
Evaluate -8 + 2 + (11 + -6 - 7).
-8
Evaluate 5 - 5 - (1 - 2).
1
Evaluate -5 + 0 + 2 - (1 + -2).
-2
What is 0 + (4 - 4) + -5?
-5
What is 63 - 61 - (0 + 4)?
-2
Evaluate -1 + (9 - 10 - (0 - 1)).
-1
Evaluate 3 + -6 + 5 + (1 - -1).
4
What is -2 + -1 - (-13 + 6 + 0)?
4
What is 8 + -2 + (-1 - 3) - 2?
0
What is the value of 5 + (0 - (5 - 2))?
2
Calculate 3 + -4 + -10 + 3 + -2.
-10
What is the value of -9 + (-8 - -12) + 8?
3
12 + -6 + -2 + -5
-1
What is the value of (15 - 7) + 3 + -2?
9
Evaluate -11 + 1 - (-1 + (-3 - -1)).
-7
What is the value of -3 - (-3 + -3 + 3)?
0
-11 + -1 - (4 + -22 + 12)
-6
Calculate -9 + (-7 - (-8 + -3)).
-5
2 + -3 - (0 - (-10 + 1))
-10
9 - (11 - 4) - 4 - 0
-2
What is the value of 0 + (-6 - -5 - 3) - 2?
-6
Calculate 0 + (11 - -1) + (47 - 53).
6
What is the value of 0 + 2 + 2 - (-2 + 3)?
3
What is -1 - 0 - (3 - 10)?
6
Evaluate (-13 - -7) + 3 - -2 - -4.
3
Calculate 21 - 23 - (-3 + 1).
0
Evaluate (-5 - 1) + (-20 - -12) + 21.
7
Calculate 4 - (7 - -2 - 12).
7
What is 2 + -5 - (-1 - 2 - -1)?
-1
-1 + -12 + 13 + (1 - 3)
-2
What is (14 - 13) + (1 - 1) - 5?
-4
Calculate -3 + (-4 - -5) + 7.
5
What is (-1 - -2) + (-3 + 1 - 3)?
-4
What is 8 - 7 - (14 - 4)?
-9
(-1 - -1) + 3 + (-5 - -3)
1
Evaluate 5 + -8 + 5 + 0.
2
Calculate 2 - 0 - (-2 - 1).
5
Evaluate 7 + (0 - -10 - 21).
-4
Calculate -3 + -2 - -1 - -4.
0
Calculate -15 - (12 - (19 + 1)).
-7
What is the value of (6 - (-5 + 4 + 4)) + 4?
7
Calculate (1 - (4 + 0)) + -1 + 4.
0
Calculate 0 - (5 - (-1 + 5 + -2)).
-3
-5 + -6 + 2 + 12
3
Evaluate 13 - (10 - (1 + (-8 - -9))).
5
(12 - 3) + -8 + -1
0
What is 1 + -2 + -3 - (-1 + -9)?
6
Evaluate -11 + (13 - (8 - 4)).
-2
Evaluate 4 + -2 + 1 + -2 + 2.
3
What is -8 + 6 - (-8 - 2)?
8
What is the value of 6 + (14 - 17) + (-1 - -4)?
6
What is the value of -2 + (-2 - -1) + 3 + 0?
0
What is 1 - 1 - (101 - 103)?
2
-7 + 2 - (0 + -4 - 0)
-1
What is the value of 8 + -6 - (2 - 5)?
5
Calculate -13 + -8 + 18 + 5.
2
Calculate -1 - (12 - 10 - -5).
-8
What is the value of (1 - -3) + 1 - (37 + -27)?
-5
What is (6 - -4) + -1 - 5?
4
Calculate (6 - (5 - 2)) + -3 - -1.
1
Evaluate 2 - (-2 + (3 - 3)).
4
0 - -1 - (19 + -9 + -7)
-2
Evaluate 5 - (-10 + 17) - (-7 - 2).
7
What is (-8 - (-6 + 5)) + 9?
2
-2 - (-13 + (-4 - -13 - 4))
6
What is the value of -4 + (1 - -4 - 1)?
0
What is the value of 0 - ((5 - (5 + 10)) + 4)?
6
What is the value of -8 + 4 + 0 + 8?
4
Evaluate (-7 - 3 - -24) + -10.
4
Evaluate -1 + -4 + (10 - 4) + -4.
-3
What is the value of -2 + (-4 - -2 - -6)?
2
Evaluate -10 + (0 - (-9 + -3)).
2
Calculate 2 - 2 - (4 - 16 - -7).
5
Calculate 3 + -3